{"id":15544,"date":"2025-03-07T12:14:42","date_gmt":"2025-03-07T11:14:42","guid":{"rendered":"https:\/\/www.workplaceoptions.com\/pt\/?post_type=podcasts&#038;p=15544"},"modified":"2025-03-07T12:15:37","modified_gmt":"2025-03-07T11:15:37","slug":"neurodiversidade-no-trabalho-desafios-e-oportunidades","status":"publish","type":"podcasts","link":"https:\/\/www.workplaceoptions.com\/pt\/podcasts\/neurodiversidade-no-trabalho-desafios-e-oportunidades\/","title":{"rendered":"Neurodiversidade no Trabalho: Desafios e Oportunidades"},"content":{"rendered":"<pre id=\"tw-target-text\" class=\"tw-data-text tw-text-large tw-ta\" dir=\"ltr\" data-placeholder=\"Translation\" data-ved=\"2ahUKEwiK9dDE6feLAxUcD1kFHWoiNDoQ3ewLegQICBAV\" aria-label=\"Translated text: Podcast host\"><span class=\"Y2IQFc\" lang=\"pt\"><span style=\"vertical-align: inherit\"><span style=\"vertical-align: inherit\">Presenter: Ricardo Sousa<\/span><\/span><\/span><\/pre>\n","protected":false},"featured_media":0,"template":"","categories":[338,299],"tags":[531],"topic":[439],"solutions":[],"region":[],"class_list":["post-15544","podcasts","type-podcasts","status-publish","hentry","category-diversidade-e-inclusao","category-saude-mental","tag-neurodiversidade","topic-bem-estar-dos-colaboradores"],"acf":[],"yoast_head":"<!-- This site is optimized with the Yoast SEO Premium plugin v27.4 (Yoast SEO v27.4) - https:\/\/yoast.com\/product\/yoast-seo-premium-wordpress\/ -->\n<title>Neurodiversidade no Trabalho: Desafios e Oportunidades - Workplace Options - Portugal<\/title>\n<meta name=\"description\" content=\"Construir for\u00e7as de trabalho engajadas e resilientes exige que os l\u00edderes cultivem ambientes onde todos os funcion\u00e1rios possam prosperar.\" \/>\n<meta name=\"robots\" content=\"index, follow, max-snippet:-1, max-image-preview:large, max-video-preview:-1\" \/>\n<link rel=\"canonical\" href=\"https:\/\/www.workplaceoptions.com\/pt\/podcasts\/neurodiversidade-no-trabalho-desafios-e-oportunidades\/\" \/>\n<meta property=\"og:locale\" content=\"pt_PT\" \/>\n<meta property=\"og:type\" content=\"article\" \/>\n<meta property=\"og:title\" content=\"Neurodiversidade no Trabalho: Desafios e Oportunidades\" \/>\n<meta property=\"og:description\" content=\"Construir for\u00e7as de trabalho engajadas e resilientes exige que os l\u00edderes cultivem ambientes onde todos os funcion\u00e1rios possam prosperar.\" \/>\n<meta property=\"og:url\" content=\"https:\/\/www.workplaceoptions.com\/pt\/podcasts\/neurodiversidade-no-trabalho-desafios-e-oportunidades\/\" \/>\n<meta property=\"og:site_name\" content=\"Workplace Options - Portugal\" \/>\n<meta property=\"article:publisher\" content=\"https:\/\/www.facebook.com\/workplaceoptions\" \/>\n<meta property=\"article:modified_time\" content=\"2025-03-07T11:15:37+00:00\" \/>\n<meta name=\"twitter:card\" content=\"summary_large_image\" \/>\n<meta name=\"twitter:site\" content=\"@WorkplaceOption\" \/>\n<script type=\"application\/ld+json\" class=\"yoast-schema-graph\">{\"@context\":\"https:\\\/\\\/schema.org\",\"@graph\":[{\"@type\":\"WebPage\",\"@id\":\"https:\\\/\\\/www.workplaceoptions.com\\\/pt\\\/podcasts\\\/neurodiversidade-no-trabalho-desafios-e-oportunidades\\\/\",\"url\":\"https:\\\/\\\/www.workplaceoptions.com\\\/pt\\\/podcasts\\\/neurodiversidade-no-trabalho-desafios-e-oportunidades\\\/\",\"name\":\"Neurodiversidade no Trabalho: Desafios e Oportunidades - Workplace Options - Portugal\",\"isPartOf\":{\"@id\":\"https:\\\/\\\/www.workplaceoptions.com\\\/pt\\\/#website\"},\"datePublished\":\"2025-03-07T11:14:42+00:00\",\"dateModified\":\"2025-03-07T11:15:37+00:00\",\"description\":\"Construir for\u00e7as de trabalho engajadas e resilientes exige que os l\u00edderes cultivem ambientes onde todos os funcion\u00e1rios possam prosperar.\",\"breadcrumb\":{\"@id\":\"https:\\\/\\\/www.workplaceoptions.com\\\/pt\\\/podcasts\\\/neurodiversidade-no-trabalho-desafios-e-oportunidades\\\/#breadcrumb\"},\"inLanguage\":\"pt-PT\",\"potentialAction\":[{\"@type\":\"ReadAction\",\"target\":[\"https:\\\/\\\/www.workplaceoptions.com\\\/pt\\\/podcasts\\\/neurodiversidade-no-trabalho-desafios-e-oportunidades\\\/\"]}]},{\"@type\":\"BreadcrumbList\",\"@id\":\"https:\\\/\\\/www.workplaceoptions.com\\\/pt\\\/podcasts\\\/neurodiversidade-no-trabalho-desafios-e-oportunidades\\\/#breadcrumb\",\"itemListElement\":[{\"@type\":\"ListItem\",\"position\":1,\"name\":\"Home\",\"item\":\"https:\\\/\\\/www.workplaceoptions.com\\\/pt\\\/\"},{\"@type\":\"ListItem\",\"position\":2,\"name\":\"Neurodiversidade no Trabalho: Desafios e Oportunidades\"}]},{\"@type\":\"WebSite\",\"@id\":\"https:\\\/\\\/www.workplaceoptions.com\\\/pt\\\/#website\",\"url\":\"https:\\\/\\\/www.workplaceoptions.com\\\/pt\\\/\",\"name\":\"Workplace Options - Portugal\",\"description\":\"Oferecemos um apoio abrangente de bem-estar para a sua organiza\u00e7\u00e3o\",\"publisher\":{\"@id\":\"https:\\\/\\\/www.workplaceoptions.com\\\/pt\\\/#organization\"},\"potentialAction\":[{\"@type\":\"SearchAction\",\"target\":{\"@type\":\"EntryPoint\",\"urlTemplate\":\"https:\\\/\\\/www.workplaceoptions.com\\\/pt\\\/?s={search_term_string}\"},\"query-input\":{\"@type\":\"PropertyValueSpecification\",\"valueRequired\":true,\"valueName\":\"search_term_string\"}}],\"inLanguage\":\"pt-PT\"},{\"@type\":[\"Organization\",\"Place\"],\"@id\":\"https:\\\/\\\/www.workplaceoptions.com\\\/pt\\\/#organization\",\"name\":\"Workplace Options - Portugal\",\"url\":\"https:\\\/\\\/www.workplaceoptions.com\\\/pt\\\/\",\"logo\":{\"@id\":\"https:\\\/\\\/www.workplaceoptions.com\\\/pt\\\/podcasts\\\/neurodiversidade-no-trabalho-desafios-e-oportunidades\\\/#local-main-organization-logo\"},\"image\":{\"@id\":\"https:\\\/\\\/www.workplaceoptions.com\\\/pt\\\/podcasts\\\/neurodiversidade-no-trabalho-desafios-e-oportunidades\\\/#local-main-organization-logo\"},\"sameAs\":[\"https:\\\/\\\/www.facebook.com\\\/workplaceoptions\",\"https:\\\/\\\/x.com\\\/WorkplaceOption\",\"https:\\\/\\\/www.linkedin.com\\\/company\\\/workplace-options\\\/\"],\"telephone\":[],\"openingHoursSpecification\":[{\"@type\":\"OpeningHoursSpecification\",\"dayOfWeek\":[\"Monday\",\"Tuesday\",\"Wednesday\",\"Thursday\",\"Friday\",\"Saturday\",\"Sunday\"],\"opens\":\"09:00\",\"closes\":\"17:00\"}]},{\"@type\":\"ImageObject\",\"inLanguage\":\"pt-PT\",\"@id\":\"https:\\\/\\\/www.workplaceoptions.com\\\/pt\\\/podcasts\\\/neurodiversidade-no-trabalho-desafios-e-oportunidades\\\/#local-main-organization-logo\",\"url\":\"https:\\\/\\\/www.workplaceoptions.com\\\/pt\\\/wp-content\\\/uploads\\\/sites\\\/22\\\/2022\\\/01\\\/WPO-logo-1.svg\",\"contentUrl\":\"https:\\\/\\\/www.workplaceoptions.com\\\/pt\\\/wp-content\\\/uploads\\\/sites\\\/22\\\/2022\\\/01\\\/WPO-logo-1.svg\",\"width\":301,\"height\":79,\"caption\":\"Workplace Options - Portugal\"}]}<\/script>\n<!-- \/ Yoast SEO Premium plugin. -->","yoast_head_json":{"title":"Neurodiversidade no Trabalho: Desafios e Oportunidades - Workplace Options - Portugal","description":"Construir for\u00e7as de trabalho engajadas e resilientes exige que os l\u00edderes cultivem ambientes onde todos os funcion\u00e1rios possam prosperar.","robots":{"index":"index","follow":"follow","max-snippet":"max-snippet:-1","max-image-preview":"max-image-preview:large","max-video-preview":"max-video-preview:-1"},"canonical":"https:\/\/www.workplaceoptions.com\/pt\/podcasts\/neurodiversidade-no-trabalho-desafios-e-oportunidades\/","og_locale":"pt_PT","og_type":"article","og_title":"Neurodiversidade no Trabalho: Desafios e Oportunidades","og_description":"Construir for\u00e7as de trabalho engajadas e resilientes exige que os l\u00edderes cultivem ambientes onde todos os funcion\u00e1rios possam prosperar.","og_url":"https:\/\/www.workplaceoptions.com\/pt\/podcasts\/neurodiversidade-no-trabalho-desafios-e-oportunidades\/","og_site_name":"Workplace Options - Portugal","article_publisher":"https:\/\/www.facebook.com\/workplaceoptions","article_modified_time":"2025-03-07T11:15:37+00:00","twitter_card":"summary_large_image","twitter_site":"@WorkplaceOption","schema":{"@context":"https:\/\/schema.org","@graph":[{"@type":"WebPage","@id":"https:\/\/www.workplaceoptions.com\/pt\/podcasts\/neurodiversidade-no-trabalho-desafios-e-oportunidades\/","url":"https:\/\/www.workplaceoptions.com\/pt\/podcasts\/neurodiversidade-no-trabalho-desafios-e-oportunidades\/","name":"Neurodiversidade no Trabalho: Desafios e Oportunidades - Workplace Options - Portugal","isPartOf":{"@id":"https:\/\/www.workplaceoptions.com\/pt\/#website"},"datePublished":"2025-03-07T11:14:42+00:00","dateModified":"2025-03-07T11:15:37+00:00","description":"Construir for\u00e7as de trabalho engajadas e resilientes exige que os l\u00edderes cultivem ambientes onde todos os funcion\u00e1rios possam prosperar.","breadcrumb":{"@id":"https:\/\/www.workplaceoptions.com\/pt\/podcasts\/neurodiversidade-no-trabalho-desafios-e-oportunidades\/#breadcrumb"},"inLanguage":"pt-PT","potentialAction":[{"@type":"ReadAction","target":["https:\/\/www.workplaceoptions.com\/pt\/podcasts\/neurodiversidade-no-trabalho-desafios-e-oportunidades\/"]}]},{"@type":"BreadcrumbList","@id":"https:\/\/www.workplaceoptions.com\/pt\/podcasts\/neurodiversidade-no-trabalho-desafios-e-oportunidades\/#breadcrumb","itemListElement":[{"@type":"ListItem","position":1,"name":"Home","item":"https:\/\/www.workplaceoptions.com\/pt\/"},{"@type":"ListItem","position":2,"name":"Neurodiversidade no Trabalho: Desafios e Oportunidades"}]},{"@type":"WebSite","@id":"https:\/\/www.workplaceoptions.com\/pt\/#website","url":"https:\/\/www.workplaceoptions.com\/pt\/","name":"Workplace Options - Portugal","description":"Oferecemos um apoio abrangente de bem-estar para a sua organiza\u00e7\u00e3o","publisher":{"@id":"https:\/\/www.workplaceoptions.com\/pt\/#organization"},"potentialAction":[{"@type":"SearchAction","target":{"@type":"EntryPoint","urlTemplate":"https:\/\/www.workplaceoptions.com\/pt\/?s={search_term_string}"},"query-input":{"@type":"PropertyValueSpecification","valueRequired":true,"valueName":"search_term_string"}}],"inLanguage":"pt-PT"},{"@type":["Organization","Place"],"@id":"https:\/\/www.workplaceoptions.com\/pt\/#organization","name":"Workplace Options - Portugal","url":"https:\/\/www.workplaceoptions.com\/pt\/","logo":{"@id":"https:\/\/www.workplaceoptions.com\/pt\/podcasts\/neurodiversidade-no-trabalho-desafios-e-oportunidades\/#local-main-organization-logo"},"image":{"@id":"https:\/\/www.workplaceoptions.com\/pt\/podcasts\/neurodiversidade-no-trabalho-desafios-e-oportunidades\/#local-main-organization-logo"},"sameAs":["https:\/\/www.facebook.com\/workplaceoptions","https:\/\/x.com\/WorkplaceOption","https:\/\/www.linkedin.com\/company\/workplace-options\/"],"telephone":[],"openingHoursSpecification":[{"@type":"OpeningHoursSpecification","dayOfWeek":["Monday","Tuesday","Wednesday","Thursday","Friday","Saturday","Sunday"],"opens":"09:00","closes":"17:00"}]},{"@type":"ImageObject","inLanguage":"pt-PT","@id":"https:\/\/www.workplaceoptions.com\/pt\/podcasts\/neurodiversidade-no-trabalho-desafios-e-oportunidades\/#local-main-organization-logo","url":"https:\/\/www.workplaceoptions.com\/pt\/wp-content\/uploads\/sites\/22\/2022\/01\/WPO-logo-1.svg","contentUrl":"https:\/\/www.workplaceoptions.com\/pt\/wp-content\/uploads\/sites\/22\/2022\/01\/WPO-logo-1.svg","width":301,"height":79,"caption":"Workplace Options - Portugal"}]}},"_links":{"self":[{"href":"https:\/\/www.workplaceoptions.com\/pt\/wp-json\/wp\/v2\/podcasts\/15544","targetHints":{"allow":["GET"]}}],"collection":[{"href":"https:\/\/www.workplaceoptions.com\/pt\/wp-json\/wp\/v2\/podcasts"}],"about":[{"href":"https:\/\/www.workplaceoptions.com\/pt\/wp-json\/wp\/v2\/types\/podcasts"}],"wp:attachment":[{"href":"https:\/\/www.workplaceoptions.com\/pt\/wp-json\/wp\/v2\/media?parent=15544"}],"wp:term":[{"taxonomy":"category","embeddable":true,"href":"https:\/\/www.workplaceoptions.com\/pt\/wp-json\/wp\/v2\/categories?post=15544"},{"taxonomy":"post_tag","embeddable":true,"href":"https:\/\/www.workplaceoptions.com\/pt\/wp-json\/wp\/v2\/tags?post=15544"},{"taxonomy":"topic","embeddable":true,"href":"https:\/\/www.workplaceoptions.com\/pt\/wp-json\/wp\/v2\/topic?post=15544"},{"taxonomy":"solutions","embeddable":true,"href":"https:\/\/www.workplaceoptions.com\/pt\/wp-json\/wp\/v2\/solutions?post=15544"},{"taxonomy":"region","embeddable":true,"href":"https:\/\/www.workplaceoptions.com\/pt\/wp-json\/wp\/v2\/region?post=15544"}],"curies":[{"name":"wp","href":"https:\/\/api.w.org\/{rel}","templated":true}]}}

<!-- This site is optimized with the Yoast SEO Premium plugin v27.4 (Yoast SEO v27.4) - https://yoast.com/product/yoast-seo-premium-wordpress/ -->
<title>Neurodiversidade no Trabalho: Desafios e Oportunidades - Workplace Options - Portugal</title>
<meta name="description" content="Construir forças de trabalho engajadas e resilientes exige que os líderes cultivem ambientes onde todos os funcionários possam prosperar." />
<meta name="robots" content="index, follow, max-snippet:-1, max-image-preview:large, max-video-preview:-1" />
<link rel="canonical" href="https://www.workplaceoptions.com/pt/podcasts/neurodiversidade-no-trabalho-desafios-e-oportunidades/" />
<meta property="og:locale" content="pt_PT" />
<meta property="og:type" content="article" />
<meta property="og:title" content="Neurodiversidade no Trabalho: Desafios e Oportunidades" />
<meta property="og:description" content="Construir forças de trabalho engajadas e resilientes exige que os líderes cultivem ambientes onde todos os funcionários possam prosperar." />
<meta property="og:url" content="https://www.workplaceoptions.com/pt/podcasts/neurodiversidade-no-trabalho-desafios-e-oportunidades/" />
<meta property="og:site_name" content="Workplace Options - Portugal" />
<meta property="article:publisher" content="https://www.facebook.com/workplaceoptions" />
<meta property="article:modified_time" content="2025-03-07T11:15:37+00:00" />
<meta name="twitter:card" content="summary_large_image" />
<meta name="twitter:site" content="@WorkplaceOption" />
<script type="application/ld+json" class="yoast-schema-graph">{"@context":"https:\/\/schema.org","@graph":[{"@type":"WebPage","@id":"https:\/\/www.workplaceoptions.com\/pt\/podcasts\/neurodiversidade-no-trabalho-desafios-e-oportunidades\/","url":"https:\/\/www.workplaceoptions.com\/pt\/podcasts\/neurodiversidade-no-trabalho-desafios-e-oportunidades\/","name":"Neurodiversidade no Trabalho: Desafios e Oportunidades - Workplace Options - Portugal","isPartOf":{"@id":"https:\/\/www.workplaceoptions.com\/pt\/#website"},"datePublished":"2025-03-07T11:14:42+00:00","dateModified":"2025-03-07T11:15:37+00:00","description":"Construir forças de trabalho engajadas e resilientes exige que os líderes cultivem ambientes onde todos os funcionários possam prosperar.","breadcrumb":{"@id":"https:\/\/www.workplaceoptions.com\/pt\/podcasts\/neurodiversidade-no-trabalho-desafios-e-oportunidades\/#breadcrumb"},"inLanguage":"pt-PT","potentialAction":[{"@type":"ReadAction","target":["https:\/\/www.workplaceoptions.com\/pt\/podcasts\/neurodiversidade-no-trabalho-desafios-e-oportunidades\/"]}]},{"@type":"BreadcrumbList","@id":"https:\/\/www.workplaceoptions.com\/pt\/podcasts\/neurodiversidade-no-trabalho-desafios-e-oportunidades\/#breadcrumb","itemListElement":[{"@type":"ListItem","position":1,"name":"Home","item":"https:\/\/www.workplaceoptions.com\/pt\/"},{"@type":"ListItem","position":2,"name":"Neurodiversidade no Trabalho: Desafios e Oportunidades"}]},{"@type":"WebSite","@id":"https:\/\/www.workplaceoptions.com\/pt\/#website","url":"https:\/\/www.workplaceoptions.com\/pt\/","name":"Workplace Options - Portugal","description":"Oferecemos um apoio abrangente de bem-estar para a sua organização","publisher":{"@id":"https:\/\/www.workplaceoptions.com\/pt\/#organization"},"potentialAction":[{"@type":"SearchAction","target":{"@type":"EntryPoint","urlTemplate":"https:\/\/www.workplaceoptions.com\/pt\/?s={search_term_string}"},"query-input":{"@type":"PropertyValueSpecification","valueRequired":true,"valueName":"search_term_string"}}],"inLanguage":"pt-PT"},{"@type":["Organization","Place"],"@id":"https:\/\/www.workplaceoptions.com\/pt\/#organization","name":"Workplace Options - Portugal","url":"https:\/\/www.workplaceoptions.com\/pt\/","logo":{"@id":"https:\/\/www.workplaceoptions.com\/pt\/podcasts\/neurodiversidade-no-trabalho-desafios-e-oportunidades\/#local-main-organization-logo"},"image":{"@id":"https:\/\/www.workplaceoptions.com\/pt\/podcasts\/neurodiversidade-no-trabalho-desafios-e-oportunidades\/#local-main-organization-logo"},"sameAs":["https:\/\/www.facebook.com\/workplaceoptions","https:\/\/x.com\/WorkplaceOption","https:\/\/www.linkedin.com\/company\/workplace-options\/"],"telephone":[],"openingHoursSpecification":[{"@type":"OpeningHoursSpecification","dayOfWeek":["Monday","Tuesday","Wednesday","Thursday","Friday","Saturday","Sunday"],"opens":"09:00","closes":"17:00"}]},{"@type":"ImageObject","inLanguage":"pt-PT","@id":"https:\/\/www.workplaceoptions.com\/pt\/podcasts\/neurodiversidade-no-trabalho-desafios-e-oportunidades\/#local-main-organization-logo","url":"https:\/\/www.workplaceoptions.com\/pt\/wp-content\/uploads\/sites\/22\/2022\/01\/WPO-logo-1.svg","contentUrl":"https:\/\/www.workplaceoptions.com\/pt\/wp-content\/uploads\/sites\/22\/2022\/01\/WPO-logo-1.svg","width":301,"height":79,"caption":"Workplace Options - Portugal"}]}</script>
<!-- / Yoast SEO Premium plugin. -->

Construir forças de trabalho engajadas e resilientes exige que os líderes cultivem ambientes onde todos os funcionários possam prosperar.

Oferecemos um apoio abrangente de bem-estar para a sua organização
